llions digit of 656888923?
5
What is the hundred thousands digit of 5599853?
5
What is the millions digit of 828302878?
8
What is the tens digit of 208463462?
6
What is the tens digit of 1973028485?
8
What is the millions digit of 60204984?
0
What is the millions digit of 40216493?
0
What is the ten thousands digit of 255577250?
7
What is the tens digit of 42218257?
5
What is the millions digit of 128491964?
8
What is the ten thousands digit of 549959815?
5
What is the ten millions digit of 10379168?
1
What is the hundreds digit of 2561793395?
3
What is the ten thousands digit of 2995679852?
7
What is the hundred thousands digit of 61288224?
2
What is the hundred millions digit of 203279025?
2
What is the hundred thousands digit of 6349000366?
0
What is the hundreds digit of 158168013?
0
What is the ten millions digit of 924145386?
2
What is the hundreds digit of 1339931338?
3
What is the hundred thousands digit of 12212869?
2
What is the thousands digit of 2049110186?
0
What is the hundreds digit of 712313565?
5
What is the units digit of 1001908296?
6
What is the hundred millions digit of 215102203?
2
What is the units digit of 953013172?
2
What is the millions digit of 1119485251?
9
What is the tens digit of 30718439?
3
What is the millions digit of 1094895132?
4
What is the hundred millions digit of 2417530942?
4
What is the units digit of 109760839?
9
What is the tens digit of 5607305326?
2
What is the thousands digit of 269369811?
9
What is the millions digit of 1981034312?
1
What is the hundreds digit of 142252450?
4
What is the hundreds digit of 52846920?
9
What is the hundreds digit of 962305946?
9
What is the hundreds digit of 1231958064?
0
What is the tens digit of 222518184?
8
What is the hundreds digit of 1201814025?
0
What is the units digit of 313660254?
4
What is the hundred thousands digit of 1465229859?
2
What is the hundred thousands digit of 757860726?
8
What is the hundred thousands digit of 4097835?
0
What is the hundreds digit of 6274989940?
9
What is the tens digit of 654122726?
2
What is the tens digit of 29426056?
5
What is the ten thousands digit of 144821919?
2
What is the billions digit of 1060039585?
1
What is the thousands digit of 12121650?
1
What is the tens digit of 1780652408?
0
What is the millions digit of 3301150841?
1
What is the hundreds digit of 524939264?
2
What is the units digit of 23167629?
9
What is the hundreds digit of 2993566602?
6
What is the billions digit of 5418102347?
5
What is the units digit of 157867443?
3
What is the hundred thousands digit of 838704047?
7
What is the hundred thousands digit of 271285139?
2
What is the thousands digit of 71359363?
9
What is the tens digit of 3123278508?
0
What is the tens digit of 77710433?
3
What is the billions digit of 3644835155?
3
What is the ten thousands digit of 4068826?
6
What is the hundred millions digit of 5837077198?
8
What is the hundreds digit of 1317488109?
1
What is the tens digit of 81641876?
7
What is the hundreds digit of 7178130?
1
What is the units digit of 2597975205?
5
What is the units digit of 729050258?
8
What is the thousands digit of 107187123?
7
What is the ten millions digit of 144126846?
4
What is the units digit of 2882420279?
9
What is the hundred thousands digit of 5549874687?
8
What is the ten thousands digit of 1517992076?
9
What is the hundred thousands digit of 174227080?
2
What is the thousands digit of 525785239?
5
What is the thousands digit of 62027465?
7
What is the units digit of 39428980?
0
What is the ten thousands digit of 1412447927?
4
What is the ten thousands digit of 261157536?
5
What is the ten thousands digit of 20169741?
6
What is the tens digit of 429411486?
8
What is the thousands digit of 329025398?
5
What is the hundreds digit of 1049615669?
6
What is the millions digit of 5488098257?
8
What is the ten thousands digit of 58434177?
3
What is the hundred thousands digit of 730451581?
4
What is the hundreds digit of 448825526?
5
What is the ten thousands digit of 562985718?
8
What is the thousands digit of 50298924?
8
What is the thousands digit of 61203880?
3
What is the thousands digit of 485563702?
3
What is the ten millions digit of 17101203?
1
What is the ten millions digit of 216167771?
1
What is the millions digit of 552269521?
2
What is the ten thousands digit of 1236508163?
0
What is the hundreds digit of 132567785?
7
What is the hundreds digit of 76782818?
8
What is the hundreds digit of 5010151624?
6
What is the ten millions digit of 76538011?
7
What is the hundred thousands digit of 229269484?
2
What is the billions digit of 1484439205?
1
What is the hundreds digit of 29339904?
9
What is the thousands digit of 575556320?
6
What is the thousands digit of 28370889?
0
What is the hundreds digit of 1915008876?
8
What is the thousands digit of 25929096?
9
What is the ten millions digit of 6819360969?
1
What is the ten millions digit of 163376910?
6
What is the billions digit of 2369442014?
2
What is the tens digit of 2981718635?
3
What is the ten millions digit of 77864100?
7
What is the hundred thousands digit of 558061112?
0
What is the thousands digit of 16156339?
6
What is the hundreds digit of 3610525382?
3
What is the ten millions digit of 2707340968?
0
What is the tens digit of 196983254?
5
What is the thousands digit of 34658061?
8
What is the hundred millions digit of 239271940?
2
What is the hundred thousands digit of 7952713410?
7
What is the hundred thousands digit of 85407342?
4
What is the ten millions digit of 116294876?
1
What is the ten thousands digit of 1233860789?
6
What is the units digit of 75051091?
1
What is the thousands digit of 3981276162?
6
What is the hundred thousands digit of 204571580?
5
What is the hundred millions digit of 204600017?
2
What is the units digit of 428956873?
3
What is the hundred millions digit of 191567359?
1
What is the hundreds digit of 4622650803?
8
What is the hundred thousands digit of 1472967592?
9
What is the ten thousands digit of 74713979?
1
What is the units digit of 28553227?
7
What is the hundred thousands digit of 27566530?
5
What is the hundred millions digit of 3075409079?
0
What is the tens digit of 46462132?
3
What is the thousands digit of 32836684?
6
What is the hundred millions digit of 761568586?
7
What is the millions digit of 474205038?
4
What is the hundred thousands digit of 94036451?
0
What is the units digit of 48436332?
2
What is the units digit of 27064986?
6
What is the thousands digit of 503447814?
7
What is the millions digit of 555299047?
5
What is the ten millions digit of 570120517?
7
What is the hundred thousands digit of 608221736?
2
What is the millions digit of 272716592?
2
What is the hundreds digit of 456953924?
9
What is the hundreds digit of 3058310440?
4
What is the millions digit of 636180654?
6
What is the hundred thousands digit of 846857378?
8
What is the hundreds digit of 227115317?
3
What is the hundreds digit of 154276370?
3
What is the ten thousands digit of 2388941720?
4
What is the hundreds digit of 84668152?
1
What is the hundred thousands digit of 30197392?
1
What is the hundreds digit of 97927756?
7
What is the ten thousands digit of 36895193?
9
What is the billions digit of 1153641225?
1
What is the hundred millions digit of 525961260?
5
What is the hundred millions digit of 5651314148?
6
What is the ten thousands digit of 879327262?
2
What is the tens digit of 1906755940?
4
What is the millions digit of 784113728?
4
What is the ten thousands digit of 39771516?
7
What is the ten thousands digit of 167879611?
7
What is the hundred thousands digit of 67198814?
1
What is the units digit of 1114552744?
4
What is the hundred thousands digit of 23718453?
7
What is the hundred millions digit of 9596564131?
5
What is the hundreds digit of 204793542?
5
What is the millions digit of 1201857740?
1
What is the hundreds digit of 3354970665?
6
What is the thousands digit of 20358136?
8
What is the hundred millions digit of 263731713?
2
What is the millions digit of 64842009?
4
What is the units digit of 4440580707?
7
What is the millions digit of 61748389?
1
What is the millions digit of 226625539?
6
What is the hundred thousands digit of 303157925?
1
What is the thousands digit of 138843601?
3